= -4*i + 57. What is the remainder when i is divided by o?
19
Let b(y) = -12*y + 9. Calculate the remainder when b(-4) is divided by 15.
12
Let k be ((4/2)/(-2))/1. Calculate the remainder when (-7)/7 - k*82 is divided by 21.
18
Suppose 11*r - 10*r = -36. Let o = 58 + r. Calculate the remainder when o is divided by 6.
4
Suppose 3*l - l - 2*n - 36 = 0, 3*n - 100 = -4*l. Let w = l + 10. Calculate the remainder when w is divided by 11.
10
Suppose j = -3*w - 12, -j + 8 = 5*w + 30. Let u(l) = l**2 + 1. What is the remainder when 39 is divided by u(j)?
9
Calculate the remainder when 31 is divided by 51*(16/12 - 1).
14
Suppose -6*x + 36 = -2*x - 4*s, 0 = 4*s - 20. Let l(r) = 2*r**2 + 2*r + 3. Suppose 3*w + w - 12 = 0. What is the remainder when l(w) is divided by x?
13
Suppose 4*d + 7 = -3*b - 0, -35 = -5*d + 5*b. Suppose -4 - 20 = -d*y. What is the remainder when y is divided by 5?
2
Let r = 3 - -1. Suppose 2*x - 8 = 6. Calculate the remainder when x is divided by r.
3
Let j(b) = -b**3 - b**2 + 2*b + 9. What is the remainder when 60 is divided by j(0)?
6
Let i(t) = 2*t + 24. What is the remainder when i(13) is divided by 14?
8
Suppose 5*h - 12 = -b + 2*h, h + 46 = 3*b. What is the remainder when 63 is divided by b?
3
Let y(t) = t**2 - 8*t - 6. What is the remainder when 9 is divided by y(9)?
0
Suppose 4*x = -x + 15. Suppose 0 = h + 2*a - 35, -6*a = 4*h - x*a - 150. Calculate the remainder when h is divided by 14.
11
Let f(x) = 2*x + 2 - x + 5. Let b be f(0). Suppose 20 = s + b. Calculate the remainder when s is divided by 5.
3
Suppose -150 = -5*x - 5*m, 98 = 3*x + m - 0*m. Suppose 4*k - 6 = x. Calculate the remainder when 18 is divided by k.
8
Let b(d) = 9*d**3 - 2*d**2 + d. Let o be b(1). Suppose -2*f = 10, 5*f + 16 = 4*m - 5*m. Calculate the remainder when (-2)/o - (-303)/12 is divided by m.
7
Suppose w - 3*w = 0. Suppose -5*s + 55 + 5 = w. Calculate the remainder when 45 is divided by s.
9
Let p(z) = 29*z**3 - 4*z**2 + 2*z + 1. Let d(i) = 87*i**3 - 11*i**2 + 6*i + 3. Let v(w) = -6*d(w) + 17*p(w). What is the remainder when v(-1) is divided by 15?
13
Let v = 15 - -22. Calculate the remainder when v is divided by 20.
17
Suppose 0*n + 5*n - 15 = 0, 4*n = 3*q + 3. Let z(o) = -o**2 - 7 + 24 - o + 13*o**q - 14*o**3. What is the remainder when 33 is divided by z(0)?
16
Let w(s) = -s**2 + 7*s + 9. Let g be w(11). Let o = g - -52. What is the remainder when o is divided by 10?
7
Suppose -7*m + 33 = -6*m. Calculate the remainder when m is divided by 18.
15
Let m(c) = -c**2 + 4*c + 2. Suppose -22 = a + 4*j, -3*a + 2*j + 5 = 1. Let p = 2 - a. What is the remainder when m(p) is divided by 1?
0
Suppose -5*n - 63 = v, 0 = 3*n + 3*v - 0*v + 45. What is the remainder when n/48 + (-85)/(-4) is divided by 6?
3
Let d(w) = -2*w - 2. Calculate the remainder when 46 is divided by d(-4).
4
Suppose -2*z - 88 = -2*j, -2*j + 5*z + 6 = -73. Calculate the remainder when j is divided by 10.
7
Suppose 0 = u + 5*h + 26, -u - h - 6 = -0. Let a(m) = -12*m - 1. Calculate the remainder when 30 is divided by a(u).
8
Suppose 0 + 63 = 3*q. Calculate the remainder when 60 is divided by q.
18
Suppose -x = 1, 2*x - 191 = -2*q + x. Calculate the remainder when q is divided by 14.
12
Let p(o) = o + 26. What is the remainder when p(16) is divided by 9?
6
Let b = -5 + -13. Let g = -15 - b. Suppose 5*c + 2 - 47 = 0. What is the remainder when c is divided by g?
0
Suppose -19 - 19 = 4*g + 2*t, -g - 5*t = 14. Let x = g + 15. Suppose 9 = 3*z - 3. Calculate the remainder when x is divided by z.
2
Suppose 0 = 5*x + 4*f - 280, -x + 3*f - 10 = -47. Calculate the remainder when x is divided by 9.
7
Suppose 4*l + 4*a - 22 = 2*l, 5*l - 100 = -a. What is the remainder when 102 is divided by l?
18
What is the remainder when 89 is divided by (25/100)/((-2)/(-56))?
5
Suppose -2*j + t = -7*j + 6, 2*t = j + 1. Suppose -5*s + 7 + 8 = 0, 6 = 5*c + 2*s. Suppose -a - j + 9 = c. What is the remainder when 22 is divided by a?
6
Let m(u) = -u**3 + 9*u**2 - 6*u + 5. Let k be m(6). Suppose 5*i = 4*j - k, -5*j + i = 3*i - 55. What is the remainder when j is divided by 7?
6
Let s(m) = m**3 + 4*m**2 - 13*m - 6. What is the remainder when s(-5) is divided by 2?
0
Suppose 5*j - 313 + 118 = 0. Calculate the remainder when j is divided by 20.
19
Suppose 5*l - 25 = -0. Let c(d) = 1 - 2 + 6*d**2 - 2*d + 2*d**2. Calculate the remainder when c(-1) is divided by l.
4
Suppose -a - 2*a = 15, 2*a = -4*r - 6. Let c(m) = -m**3 + 1. Let u(k) = k**3 - 6*k**2. Let j be u(6). What is the remainder when c(j) is divided by r?
0
Let q(l) = -65*l + 3. What is the remainder when q(-1) is divided by 24?
20
Suppose -4*s + 25 + 179 = 0. Suppose 0*p + 3*p = s. Calculate the remainder when ((-12)/(-2) - 4) + 46 is divided by p.
14
Let g = -5 - -2. Let t(v) = v**3 + 3*v**2 - 4*v - 2. Suppose 0*p - 87 = -5*p - x, -2*p = 2*x - 30. What is the remainder when p is divided by t(g)?
8
Let y be 7/(-14) - (-442)/4. Suppose 0*k = -5*k + y. What is the remainder when k is divided by -4*-2*2/2?
6
Suppose -3*u + 6 + 3 = 0. Let i = 33 - -10. What is the remainder when i is divided by 24 - 3/(u/2)?
21
Suppose -3*i - 18 = -3*l - 0, 3*l + 3*i = 12. Calculate the remainder when l is divided by 4.
1
What is the remainder when 118 is divided by (-1)/(2/(-11)*11/22)?
8
Let s = 20 + 9. Suppose -2*c - 7 = -s. Suppose -u + 2*u = 31. What is the remainder when u is divided by c?
9
Calculate the remainder when ((-18)/(-10))/(2/30) is divided by 8.
3
Suppose 2*a = -43 + 5. Let s = a + 89. Suppose 3*k = s + 41. Calculate the remainder when k is divided by 13.
11
Let q be 6/(-8)*-4*1. Let j(y) = -y**2 - 5*y - 4. Let v be j(-3). Suppose -q*r - 2*p + 10 = 0, v*r - p = -0*r + 2. What is the remainder when 2 is divided by r?
0
Let r be (-12)/16*16/1. What is the remainder when (78/4)/(r/(-16)) is divided by 9?
8
Let c = -37 + 56. Let o(x) = x**2 - 2*x - 1. Calculate the remainder when c is divided by o(4).
5
Suppose -3*w = -5*b - 56, -3*w + 0*b - 2*b + 49 = 0. Suppose -4*u - 12 = 0, -n + w = u + 2*u. What is the remainder when n is divided by 9?
8
Suppose -3*w + 7 + 11 = 0. Let l(s) = s**3 - 5*s**2 - 6*s + 4. What is the remainder when l(w) is divided by 2?
0
Let x(o) be the first derivative of -5*o**2/2 + 3*o + 2. Calculate the remainder when 37 is divided by x(-2).
11
Let t = -78 + 109. Calculate the remainder when 123 is divided by t.
30
Suppose l - 108 = -2*l. What is the remainder when l is divided by 13?
10
Let s(t) = t - 1. Let d(j) = 4*j - 8. Let o(w) = 2*d(w) - 6*s(w). What is the remainder when 71 is divided by o(14)?
17
Let k(x) = -x**3 + 7*x**2 + 3*x + 2. What is the remainder when k(7) is divided by 13?
10
Let r(x) = x**3 - 3*x**2 - 2*x - 1. Let l = 15 + -1. Suppose -10 = -5*g, g - l = -2*u - 2*g. Calculate the remainder when r(u) is divided by 4.
3
Let y = -28 - -61. Let i(q) = -q**3 - 11*q**2 - 13*q - 1. Let d be i(-10). Let l = d + -12. What is the remainder when y is divided by l?
16
Let f = -249 + 437. Suppose 5*y = y + f. Suppose -4*j + 48 = -2*u, 5*u - 5 + y = 4*j. What is the remainder when j is divided by 5?
3
Let i(p) = p**3 + 2*p**2 + 5*p + 2. Calculate the remainder when i(4) is divided by 24.
22
What is the remainder when ((-12)/30)/(8/(-600)) is divided by (17/(-2))/((-2)/4)?
13
Suppose -q - 4*v = 7 + 20, q + 12 = -v. Let b = q + 15. Let x = 10 - 5. Calculate the remainder when b is divided by x.
3
Let g(y) = y**2 - 5*y - 8. Calculate the remainder when 30 is divided by g(-3).
14
Suppose 3*o = -o - 12. Let q be -1*(-1 - o) - -1. Calculate the remainder when ((-1)/q + 22)*1 is divided by 8.
7
Let i = -78 - -120. Let a = -60 - -33. Let k = i + a. Calculate the remainder when k is divided by 8.
7
Let d(v) = 3*v**2 + 2*v - 1. Let t be ((-4)/10)/(3/30). What is the remainder when d(t) is divided by 10?
9
Let b be -2*(-3)/6 + 1. Suppose 5*q = b*r - 1 + 10, 4*q - 28 = -r. Calculate the remainder when 23 is divided by r.
7
Let w = -141 + 150. Calculate the remainder when 20/(-6)*(-45)/6 is divided by w.
7
Suppose 0*w - 205 = -5*w. What is the remainder when w is divided by 11?
8
Suppose -8*c + 123 = 19. What is the remainder when 48 is divided by c?
9
Let n(v) = 3*v + 5. What is the remainder when n(3) is divided by 10?
4
Suppose 2*x + 5*h = 14 - 1, -h = -